et h be j(-13). Let v = -65 - h. What is the tens digit of v?
5
Suppose 0 = 4*n + 5*r + 2118, 0 = -3*r + 5 + 1. Let x = 962 + n. What is the tens digit of x?
3
Let x(w) = 577*w + 303. What is the units digit of x(6)?
5
Let d = -87 + 24. Let l be ((-3)/3 + 2)/((-1360)/(-124) - 11). Let t = l - d. What is the units digit of t?
2
Let z = 61 - 67. Let y be 0/z + 5 + 1/(-1). Suppose -5*q = 3*f - 726, -q + y*f - 296 = -3*q. What is the units digit of q?
4
Let c(r) = 39 + 17*r**2 + r**3 - 45 - 8*r**2. Let u(k) = -5*k**3 - 44*k**2 - k + 30. Let n(f) = 11*c(f) + 2*u(f). What is the hundreds digit of n(-10)?
1
What is the hundreds digit of ((-117)/12)/((-33555)/2580 - -13)?
6
Suppose -3*p - 8129 = -u, -3*p - 12*u = -7*u + 8153. Let y = -1611 - p. What is the units digit of y?
0
Let v(m) = 9*m**2 + 57*m - 10. Let f = -561 + 544. What is the units digit of v(f)?
2
What is the ten thousands digit of (4 - (-64)/(-28))/(52/415870)?
1
Let w(b) = 27*b**2 - 39*b - 2. Let j(n) = -n**2 - 43*n - 161. Let g be j(-39). What is the units digit of w(g)?
8
Suppose m - 4*m = 12. Let l be ((-2)/((-3)/3))/(-7 - -6). What is the tens digit of (-15 - m)*-1 + (-6)/l?
1
What is the thousands digit of (-2)/(-2) - (718 - (1 + -8))*-3?
2
Let d(o) = -27*o**2 + 4. Let k be d(3). Let w(a) = -17*a - 1231. Let t be w(-49). Let r = k - t. What is the units digit of r?
9
Let z(q) = 151*q**2 + 36*q - 72. What is the units digit of z(-7)?
5
Suppose 0 = 3*k - 15*k + 48. Let n(b) = 11*b - 34. What is the units digit of n(k)?
0
Suppose -20*d + d - 17860 = 0. What is the units digit of -5*16/280 + d/(-7)?
4
Let g(n) be the third derivative of n**5/60 + 7*n**4/24 - 13*n**3/6 + 3*n**2 - n. Let m = 15 + -28. What is the tens digit of g(m)?
6
Let i be (-181596)/(-17) + 36/(-306). Suppose -11*t = 3*t - i. What is the units digit of t?
3
Let n = 807 - -201. Let b = 5 + n. What is the thousands digit of b?
1
Suppose 8*q + 24*q - 130624 = 0. Suppose 6*s = -7*s + q. What is the hundreds digit of s?
3
Suppose 2*m - 2 = -2*f, 2*m - 17 = m + 3*f. Suppose 0 = 5*w - m - 10. Suppose -w = 2*b - 21. What is the units digit of b?
9
Suppose 311*s = 319*s - 49016. What is the thousands digit of s?
6
Let a(g) = 34*g + 4. Let t(w) = 21*w. Let q(d) = 65*d - 1. Let b(s) = 2*q(s) - 7*t(s). Let c(j) = 6*a(j) + 10*b(j). What is the units digit of c(1)?
8
Let p(m) = m**3 + 2*m**2 - 5*m - 12. Let t be p(4). Suppose -s + 5*x = -281, -t + 591 = 2*s - 3*x. What is the units digit of s?
6
Let i(a) be the second derivative of -32*a**3 + a**2/2 + 75*a. What is the hundreds digit of i(-1)?
1
What is the tens digit of -2036*(47/(-4) - -11)?
2
Suppose -34*h = -29*h - 25. Suppose 8*m - 12*m + 4276 = 4*g, -5*m - 5315 = -h*g. What is the tens digit of g?
6
Suppose 2*z = -n + 2195, n + 6651 = 4*n - 5*z. What is the hundreds digit of n?
2
Let k(u) = 367*u - 127. Let r be k(-11). What is the hundreds digit of (r/8)/(-3)*2?
3
Let i = 98 - 22. Let y = i + -111. What is the units digit of 10/2*(-56)/y?
8
Let j = -10992 + 30127. What is the thousands digit of j?
9
Let d(j) = j**2 - 2*j - 49. Let b be d(-23). Let f = -295 + b. What is the tens digit of f?
3
Let i(j) = -4*j**3 - 2*j**2 - 7*j - 1. Let d be i(-4). Let v = d - 107. Suppose 0 = -5*w - v + 724. What is the units digit of w?
6
Let t be (-26)/(-4) + 2/(-4). Suppose m - 2*w + 8 = 0, 2*w - 7 = 4*m - w. Suppose -4*n + m = -t, a - 3*n - 144 = 0. What is the hundreds digit of a?
1
Let n(p) = p**2 + p. Let w be n(-7). Let m be (-51 + 32)/((-1)/8). Suppose w - m = -q. What is the tens digit of q?
1
Let k(x) = -285*x + 16846. What is the tens digit of k(0)?
4
Suppose -u = -3*t + 19, 0 = 3*u + 16 - 4. Suppose t*g - 393 = 1112. What is the units digit of g?
1
Let z = 294 + -584. Let p = z - -809. Suppose 0 = -3*b - 99 + p. What is the hundreds digit of b?
1
Suppose -88562 = -36*u + 113542. Suppose 5*i - 2*z - 3452 = u, -4*z - 9072 = -5*i. What is the hundreds digit of i?
8
Suppose 3*t = -2*j + 164, -5*j + 193 = 5*t - 72. Suppose -5*u + 683 = t. What is the hundreds digit of u?
1
Suppose 201 - 1905 = 4*u. Let c = u + 746. What is the units digit of c?
0
Suppose -5*d = -5*u + 15 + 15, -2*d = -5*u + 27. What is the tens digit of (((-10)/(-15))/d)/((-6)/2043)?
2
Let y(z) = 216*z + 34. Let q be y(10). Suppose 11*b - 5824 = -q. What is the units digit of b?
0
What is the thousands digit of -1*(6 - (8284 - -4))?
8
Suppose w = 4*i - 49, 10 = -3*w - 5. Suppose 0 = -i*q + 1295 + 4403. What is the hundreds digit of q?
5
Suppose 2*g - o = 2920, 474*g - 2*o = 469*g + 7301. What is the tens digit of g?
6
Suppose 42*x - 216*x + 7984304 = 1953812. What is the tens digit of x?
5
What is the ten thousands digit of (-23)/((-322)/72)*(-700)/(-15)*64?
1
What is the hundreds digit of ((-300)/(-250))/(4/98430)?
5
Let i(z) = -192*z - 726. What is the units digit of i(-11)?
6
What is the tens digit of (-5 + 351/18)*1972 - 6?
8
Suppose 0*v + 5*z = -v, 20 = 5*v + 5*z. Suppose -v*y - 3*r - 96 = 0, -3*y + 2*r - 37 = 13. What is the units digit of (-8)/18 - 656/y?
6
Let s(w) = -w**3 - 6*w**2 - w - 7. Let a be s(-5). Let z = a + 30. What is the tens digit of (97 - 5) + (-1 - z)?
8
Let x = 860 + -116. Suppose x = -77*o + 79*o. Let q = -261 + o. What is the units digit of q?
1
Let x = -233 + 242. Suppose -x*k + 2816 = -1441. What is the hundreds digit of k?
4
Suppose 1782 + 538 = 16*a. Suppose -a = -3*x + 5*s + 169, 5*s - 364 = -3*x. What is the hundreds digit of x?
1
Suppose 98*h + 308512 = 494648 + 613936. What is the thousands digit of h?
8
Let d be (-172692)/(-18) + (-2)/(-1). Suppose 17*l - d = 1794. What is the units digit of l?
0
Let r = -328 - -333. Suppose -2*f = 3*k - 6*f - 64, 100 = 5*k - r*f. What is the tens digit of k?
1
Let g be ((-100)/(-15))/(7/(-3) + 3). Suppose g*z - 15819 = -519. What is the units digit of z?
0
Suppose 0 = 77*c - 23768 + 2362. What is the hundreds digit of c?
2
Suppose 0 = -5*z + 3*z - 402. Let r = -87 - z. Let l = r + -26. What is the units digit of l?
8
Let h(a) = a - 4. Suppose 4*j + 0*j + 8 = 0, p + 4*j + 4 = 0. Suppose 30 = 2*i - p*k, -15 = 3*i - 4*i - 2*k. What is the tens digit of h(i)?
1
Suppose 40 = 2*h - 162. Let m = h - 96. Suppose -5*f - m*t + 25 = -0*t, 3*f + 5*t = 7. What is the units digit of f?
9
Let h(t) = -t**3 + 6*t**2 + t + 5. Let f be h(7). Let z = 5 - f. Suppose 708 = 3*u - 3*x, 3*u + 3*x - 642 - z = 0. What is the units digit of u?
2
Suppose -152 = 3*n + 61. Let t = 60 + n. What is the tens digit of t/((-1)/12 + (-6)/24)?
3
Suppose -12*w + 56 = 32. Suppose w*m = 5*z + 1299, -20*z + 18*z + 2562 = 4*m. What is the tens digit of m?
4
Let c(z) = -z**3 + 7*z**2 - 26*z + 151. What is the ten thousands digit of c(-26)?
2
Let p be 18*(-96)/(1 + -5). Suppose 7*j = 3*j + p. Suppose 5*v = 3*v + j. What is the units digit of v?
4
Let d(h) = -92*h + 51. Let j be d(-14). Suppose j = 3*z + 349. What is the hundreds digit of z?
3
Suppose 3*p = 2*t + 33647, p + 156*t - 161*t = 11207. What is the ten thousands digit of p?
1
Let p(d) = d**3 + 31*d**2 + 22*d + 44. Suppose 24*o - 203 = 31*o. What is the tens digit of p(o)?
8
Let m(k) = -k**3 + 23*k**2 - 26*k - 7. Let c = 207 - 199. What is the units digit of m(c)?
5
Suppose 567 = -31*y + 34*y. Let x = y - 173. What is the units digit of x?
6
Let b = 427 + -424. Suppose b*o + 4*v = o + 2984, -5*v + 1489 = o. What is the units digit of o?
4
Suppose 4*f + b = 91598, 2*f - 7*f + 114498 = b. What is the thousands digit of f?
2
Suppose 23 = 6*b - 1. Let g(u) = -u**2 + 2*u - 1. Let o be g(b). Let l(z) = -z**2 - 13*z + 2. What is the units digit of l(o)?
8
Let x(n) = -n + 14. Let p be x(6). Suppose -15 = -2*c - 5*u, -5*c + 4*u - 4 - p = 0. Let o(j) = -j + 87. What is the tens digit of o(c)?
8
Suppose -r = v + 2, -3*r + 6 = -0*r. Let w = 45 - -9. What is the tens digit of (4 + w/v)*-6?
5
Let h be ((-597)/(-4))/(156/416). Suppose -h*f - 1332 = -401*f. What is the tens digit of f?
4
Let p(l) = 5*l**2 - 6*l - 2. Let k be p(-7). Suppose 49*n + k = 52*n. What is the units digit of n?
5
Suppose u - 11979 - 14270 = -5*b, -2*b + 3*u + 10503 = 0. Suppose -3*l - 4*x + 2084 = -l, 5*l - b = -2*x. What is the tens digit of l?
5
Suppose -17 - 7 = 8*w. What is the units digit of (235 - 10)*(-5)/w?
5
Suppose -3345083 + 4136965 + 7131649 = 231*c. What is 